{"id":1305,"date":"2021-08-24T19:10:35","date_gmt":"2021-08-24T17:10:35","guid":{"rendered":"https:\/\/izotim.si\/?post_type=product&#038;p=1305"},"modified":"2025-11-07T21:39:34","modified_gmt":"2025-11-07T20:39:34","slug":"lesena-tablica-ujemi-nasmeh","status":"publish","type":"product","link":"https:\/\/ujeminasmeh.si\/?product=lesena-tablica-ujemi-nasmeh","title":{"rendered":"Lesena tablica \u00bbUjemi nasmeh\u00ab"},"content":{"rendered":"","protected":false},"excerpt":{"rendered":"<p>Je motivacijska lesena tablica, ki je unikatno, edinstveno darilo in \u010dudovit dekor v prostoru. O\u010dara nas kombinacija lesa in \u010darobnih besed. Obesite, postavite jo tja, kjer \u017eelite dvigniti nivo energije, saj nam pogled na tablico resni\u010dno pri\u010dara Nasmeh na obraz.<\/p>\n<p>Narejeno v Sloveniji. Izdelek je v celoti zasnovan in izdelan v Izotimu, z ljubeznijo, prijazen okolju s trajnostnim zna\u010dajem, sestavljen iz vezane plo\u0161\u010de in vrvice.<\/p>\n<p>Izdelek ni primeren za stik z vodo. Les je naravni material, zato je vsak izdelek unikaten.<\/p>\n","protected":false},"featured_media":1436,"comment_status":"closed","ping_status":"closed","template":"","meta":{"_uag_custom_page_level_css":"","neve_meta_sidebar":"","neve_meta_container":"","neve_meta_enable_content_width":"off","neve_meta_content_width":100,"neve_meta_title_alignment":"","neve_meta_author_avatar":"","neve_post_elements_order":"","neve_meta_disable_header":"","neve_meta_disable_footer":"","neve_meta_disable_title":"","_themeisle_gutenberg_block_has_review":false},"product_brand":[],"product_cat":[128,129,74,81,136,132,137,138,131,130],"product_tag":[96,108,107,98,106],"class_list":{"0":"post-1305","1":"product","2":"type-product","3":"status-publish","4":"has-post-thumbnail","6":"product_cat-darila","7":"product_cat-dekor-za-dom","8":"product_cat-lesene-tablice","9":"product_cat-motivacija","10":"product_cat-samostojna-tablica","11":"product_cat-za-majhno-pozornost","12":"product_cat-za-njega","13":"product_cat-za-njo","14":"product_cat-za-tvojo-babi-in-dedka","15":"product_cat-za-tvojo-mami","16":"product_tag-lesena-tablica","17":"product_tag-lesena-tablica-ujemi-nasmeh","18":"product_tag-nasmeh","19":"product_tag-ujemi","20":"product_tag-ujemi-nasmeh","22":"first","23":"instock","24":"shipping-taxable","25":"purchasable","26":"product-type-variable"},"uagb_featured_image_src":{"full":["https:\/\/ujeminasmeh.si\/wp-content\/uploads\/2021\/08\/IMG_5876-scaled-e1632067846581.jpg",1707,1258,false],"thumbnail":["https:\/\/ujeminasmeh.si\/wp-content\/uploads\/2021\/08\/IMG_5876-scaled-e1632067846581-150x150.jpg",150,150,true],"medium":["https:\/\/ujeminasmeh.si\/wp-content\/uploads\/2021\/08\/IMG_5876-scaled-e1632067846581-300x221.jpg",300,221,true],"medium_large":["https:\/\/ujeminasmeh.si\/wp-content\/uploads\/2021\/08\/IMG_5876-scaled-e1632067846581-768x566.jpg",768,566,true],"large":["https:\/\/ujeminasmeh.si\/wp-content\/uploads\/2021\/08\/IMG_5876-scaled-e1632067846581-1024x755.jpg",1024,755,true],"1536x1536":["https:\/\/ujeminasmeh.si\/wp-content\/uploads\/2021\/08\/IMG_5876-scaled-e1632067846581-1536x1132.jpg",1536,1132,true],"2048x2048":["https:\/\/ujeminasmeh.si\/wp-content\/uploads\/2021\/08\/IMG_5876-2048x1152.jpg",2048,1152,true],"neve-blog":["https:\/\/ujeminasmeh.si\/wp-content\/uploads\/2021\/08\/IMG_5876-scaled-e1632067846581-930x620.jpg",930,620,true],"woocommerce_thumbnail":["https:\/\/ujeminasmeh.si\/wp-content\/uploads\/2021\/08\/IMG_5876-scaled-e1632067846581-1025x1025.jpg",1025,1025,true],"woocommerce_single":["https:\/\/ujeminasmeh.si\/wp-content\/uploads\/2021\/08\/IMG_5876-scaled-e1632067846581-1024x755.jpg",1024,755,true],"woocommerce_gallery_thumbnail":["https:\/\/ujeminasmeh.si\/wp-content\/uploads\/2021\/08\/IMG_5876-scaled-e1632067846581-100x100.jpg",100,100,true]},"uagb_author_info":{"display_name":"matijaosojnik","author_link":"https:\/\/ujeminasmeh.si\/?author=0"},"uagb_comment_info":0,"uagb_excerpt":"Je motivacijska lesena tablica, ki je unikatno, edinstveno darilo in \u010dudovit dekor v prostoru. O\u010dara nas kombinacija lesa in \u010darobnih besed. Obesite, postavite jo tja, kjer \u017eelite dvigniti nivo energije, saj nam pogled na tablico resni\u010dno pri\u010dara Nasmeh na obraz. Narejeno v Sloveniji. Izdelek je v celoti zasnovan in izdelan v Izotimu, z ljubeznijo, prijazen&hellip;","_links":{"self":[{"href":"https:\/\/ujeminasmeh.si\/index.php?rest_route=\/wp\/v2\/product\/1305","targetHints":{"allow":["GET"]}}],"collection":[{"href":"https:\/\/ujeminasmeh.si\/index.php?rest_route=\/wp\/v2\/product"}],"about":[{"href":"https:\/\/ujeminasmeh.si\/index.php?rest_route=\/wp\/v2\/types\/product"}],"replies":[{"embeddable":true,"href":"https:\/\/ujeminasmeh.si\/index.php?rest_route=%2Fwp%2Fv2%2Fcomments&post=1305"}],"version-history":[{"count":1,"href":"https:\/\/ujeminasmeh.si\/index.php?rest_route=\/wp\/v2\/product\/1305\/revisions"}],"predecessor-version":[{"id":1325,"href":"https:\/\/ujeminasmeh.si\/index.php?rest_route=\/wp\/v2\/product\/1305\/revisions\/1325"}],"wp:featuredmedia":[{"embeddable":true,"href":"https:\/\/ujeminasmeh.si\/index.php?rest_route=\/wp\/v2\/media\/1436"}],"wp:attachment":[{"href":"https:\/\/ujeminasmeh.si\/index.php?rest_route=%2Fwp%2Fv2%2Fmedia&parent=1305"}],"wp:term":[{"taxonomy":"product_brand","embeddable":true,"href":"https:\/\/ujeminasmeh.si\/index.php?rest_route=%2Fwp%2Fv2%2Fproduct_brand&post=1305"},{"taxonomy":"product_cat","embeddable":true,"href":"https:\/\/ujeminasmeh.si\/index.php?rest_route=%2Fwp%2Fv2%2Fproduct_cat&post=1305"},{"taxonomy":"product_tag","embeddable":true,"href":"https:\/\/ujeminasmeh.si\/index.php?rest_route=%2Fwp%2Fv2%2Fproduct_tag&post=1305"}],"curies":[{"name":"wp","href":"https:\/\/api.w.org\/{rel}","templated":true}]}}