{"id":1822,"date":"2021-10-24T22:45:14","date_gmt":"2021-10-24T20:45:14","guid":{"rendered":"https:\/\/izotim.si\/?post_type=product&#038;p=1822"},"modified":"2025-11-07T21:29:36","modified_gmt":"2025-11-07T20:29:36","slug":"personalizirana-lesena-tablica-hvala-za-vse-za-mami","status":"publish","type":"product","link":"https:\/\/ujeminasmeh.si\/?product=personalizirana-lesena-tablica-hvala-za-vse-za-mami","title":{"rendered":"Personalizirana lesena tablica \u00abHvala za vse\u00bb"},"content":{"rendered":"","protected":false},"excerpt":{"rendered":"<p>Je personalizirana lesena tablica, ki je unikatno, edinstveno, osebno darilo in \u010dudovit dekor v prostoru. O\u010dara nas kombinacija lesa in izbranih, lepih besed. V nas se prebudijo \u010dustva in lepi spomini.<\/p>\n<p>Narejeno v Sloveniji. Izdelek je v celoti zasnovan in izdelan v Izotimu, z ljubeznijo, prijazen okolju s trajnostnim zna\u010dajem, sestavljen iz vezane plo\u0161\u010de in vrvice.<\/p>\n<p>Izdelek ni primeren za stik z vodo. Les je naravni material, zato je vsak izdelek unikaten.<\/p>\n","protected":false},"featured_media":1438,"comment_status":"open","ping_status":"closed","template":"","meta":{"_uag_custom_page_level_css":"","neve_meta_sidebar":"","neve_meta_container":"","neve_meta_enable_content_width":"off","neve_meta_content_width":100,"neve_meta_title_alignment":"","neve_meta_author_avatar":"","neve_post_elements_order":"","neve_meta_disable_header":"","neve_meta_disable_footer":"","neve_meta_disable_title":"","_themeisle_gutenberg_block_has_review":false},"product_brand":[],"product_cat":[128,74,82,130],"product_tag":[115,113,96,114,112],"class_list":{"0":"post-1822","1":"product","2":"type-product","3":"status-publish","4":"has-post-thumbnail","6":"product_cat-darila","7":"product_cat-lesene-tablice","8":"product_cat-personalizirano","9":"product_cat-za-tvojo-mami","10":"product_tag-hvala","11":"product_tag-hvala-za-vse","12":"product_tag-lesena-tablica","13":"product_tag-lesena-tablica-hvala-za-vse","14":"product_tag-personalizirano","16":"first","17":"instock","18":"shipping-taxable","19":"purchasable","20":"product-type-variable"},"uagb_featured_image_src":{"full":["https:\/\/ujeminasmeh.si\/wp-content\/uploads\/2021\/08\/IMG_5873-scaled.jpg",2560,1440,false],"thumbnail":["https:\/\/ujeminasmeh.si\/wp-content\/uploads\/2021\/08\/IMG_5873-150x150.jpg",150,150,true],"medium":["https:\/\/ujeminasmeh.si\/wp-content\/uploads\/2021\/08\/IMG_5873-300x169.jpg",300,169,true],"medium_large":["https:\/\/ujeminasmeh.si\/wp-content\/uploads\/2021\/08\/IMG_5873-768x432.jpg",768,432,true],"large":["https:\/\/ujeminasmeh.si\/wp-content\/uploads\/2021\/08\/IMG_5873-1024x576.jpg",1024,576,true],"1536x1536":["https:\/\/ujeminasmeh.si\/wp-content\/uploads\/2021\/08\/IMG_5873-1536x864.jpg",1536,864,true],"2048x2048":["https:\/\/ujeminasmeh.si\/wp-content\/uploads\/2021\/08\/IMG_5873-2048x1152.jpg",2048,1152,true],"neve-blog":["https:\/\/ujeminasmeh.si\/wp-content\/uploads\/2021\/08\/IMG_5873-930x620.jpg",930,620,true],"woocommerce_thumbnail":["https:\/\/ujeminasmeh.si\/wp-content\/uploads\/2021\/08\/IMG_5873-scaled-1025x1025.jpg",1025,1025,true],"woocommerce_single":["https:\/\/ujeminasmeh.si\/wp-content\/uploads\/2021\/08\/IMG_5873-1024x576.jpg",1024,576,true],"woocommerce_gallery_thumbnail":["https:\/\/ujeminasmeh.si\/wp-content\/uploads\/2021\/08\/IMG_5873-scaled-100x100.jpg",100,100,true]},"uagb_author_info":{"display_name":"matijaosojnik","author_link":"https:\/\/ujeminasmeh.si\/?author=0"},"uagb_comment_info":0,"uagb_excerpt":"Je personalizirana lesena tablica, ki je unikatno, edinstveno, osebno darilo in \u010dudovit dekor v prostoru. O\u010dara nas kombinacija lesa in izbranih, lepih besed. V nas se prebudijo \u010dustva in lepi spomini. Narejeno v Sloveniji. Izdelek je v celoti zasnovan in izdelan v Izotimu, z ljubeznijo, prijazen okolju s trajnostnim zna\u010dajem, sestavljen iz vezane plo\u0161\u010de in&hellip;","_links":{"self":[{"href":"https:\/\/ujeminasmeh.si\/index.php?rest_route=\/wp\/v2\/product\/1822","targetHints":{"allow":["GET"]}}],"collection":[{"href":"https:\/\/ujeminasmeh.si\/index.php?rest_route=\/wp\/v2\/product"}],"about":[{"href":"https:\/\/ujeminasmeh.si\/index.php?rest_route=\/wp\/v2\/types\/product"}],"replies":[{"embeddable":true,"href":"https:\/\/ujeminasmeh.si\/index.php?rest_route=%2Fwp%2Fv2%2Fcomments&post=1822"}],"version-history":[{"count":0,"href":"https:\/\/ujeminasmeh.si\/index.php?rest_route=\/wp\/v2\/product\/1822\/revisions"}],"wp:featuredmedia":[{"embeddable":true,"href":"https:\/\/ujeminasmeh.si\/index.php?rest_route=\/wp\/v2\/media\/1438"}],"wp:attachment":[{"href":"https:\/\/ujeminasmeh.si\/index.php?rest_route=%2Fwp%2Fv2%2Fmedia&parent=1822"}],"wp:term":[{"taxonomy":"product_brand","embeddable":true,"href":"https:\/\/ujeminasmeh.si\/index.php?rest_route=%2Fwp%2Fv2%2Fproduct_brand&post=1822"},{"taxonomy":"product_cat","embeddable":true,"href":"https:\/\/ujeminasmeh.si\/index.php?rest_route=%2Fwp%2Fv2%2Fproduct_cat&post=1822"},{"taxonomy":"product_tag","embeddable":true,"href":"https:\/\/ujeminasmeh.si\/index.php?rest_route=%2Fwp%2Fv2%2Fproduct_tag&post=1822"}],"curies":[{"name":"wp","href":"https:\/\/api.w.org\/{rel}","templated":true}]}}